{"id":312,"date":"2015-05-28T14:02:04","date_gmt":"2015-05-28T14:02:04","guid":{"rendered":"http:\/\/localhost\/wordpress\/renovate\/?page_id=312"},"modified":"2020-06-26T15:17:27","modified_gmt":"2020-06-26T13:17:27","slug":"contact","status":"publish","type":"page","link":"https:\/\/therma-sud.fr\/index.php\/contact\/","title":{"rendered":"CONTACT"},"content":{"rendered":"<section class=\"wpb-content-wrapper\"><p>[vc_row el_class=\u00a0\u00bbmargin-top-70&Prime;][vc_column type=\u00a0\u00bbre-smart-column\u00a0\u00bb width=\u00a0\u00bb1\/3&Prime;][vc_empty_space height=\u00a0\u00bb15px\u00a0\u00bb][vc_single_image image=\u00a0\u00bb1523&Prime; img_size=\u00a0\u00bb500&#215;142&Prime;]<div class=\"feature-item sl-small-location page-margin-top\"><p>8 Avenue Jean Foucault<br \/>\n34500 B\u00e9ziers<\/p><\/div><div class=\"feature-item sl-small-phone page-margin-top\"><p>T\u00e9l\u00e9phone<br \/>\n<a class=\"fl r-ijmSf4l6LFQw\" title=\"Appeler avec Hangouts\" href=\"https:\/\/www.google.fr\/search?ei=JS23XIXCDImXlwT_6rSICg&amp;q=therma+sud+beziers&amp;oq=therma+sud+&amp;gs_l=psy-ab.1.0.35i39j0i20i263j0i10j0i22i30l2.3280.3280..4711...0.0..0.71.71.1......0....1..gws-wiz.wItJpPyIRkQ#\" data-number=\"+33467762757\" data-pstn-out-call-url=\"\" data-rtid=\"ijmSf4l6LFQw\" data-ved=\"2ahUKEwj7yMDnoNfhAhVMUxoKHSYrDmIQkAgoADASegQIFRAD\">04 67 76 27 57<\/a><\/p><\/div><div class=\"feature-item sl-small-mail page-margin-top\"><p>E-mail:<br \/>\n<a href=\"mailto:r.accueil@thermasud.fr\">accueil@thermasud.fr<\/a><\/p><\/div><div class=\"feature-item sl-small-fax page-margin-top\"><p>Fax:<br \/>\n04 67 35 17 84<\/p><\/div><div class=\"feature-item sl-small-clock page-margin-top\"><p>Du lundi au vendredi<br \/>\n8h-12h \/ 14h-18h<\/p><\/div>[\/vc_column][vc_column width=\u00a0\u00bb2\/3&Prime;][vc_column_text]<iframe loading=\"lazy\" style=\"border: 0;\" src=\"https:\/\/www.google.com\/maps\/embed?pb=!1m18!1m12!1m3!1d2902.2012140542006!2d3.2490239162160317!3d43.33097837913377!2m3!1f0!2f0!3f0!3m2!1i1024!2i768!4f13.1!3m3!1m2!1s0x12b10e2f83d5f1c9%3A0x58ddb4d8eb67eb0c!2sThermasud!5e0!3m2!1sfr!2sfr!4v1555508173351!5m2!1sfr!2sfr\" width=\"700\" height=\"450\" frameborder=\"0\" allowfullscreen=\"allowfullscreen\"><\/iframe>[\/vc_column_text]<h3 class=\"box-header page-margin-top\">CONTACT<\/h3>[vc_empty_space height=\u00a0\u00bb20px\u00a0\u00bb][vc_column_text]\n<div class=\"wpcf7 no-js\" id=\"wpcf7-f1612-o1\" lang=\"fr-FR\" dir=\"ltr\" data-wpcf7-id=\"1612\">\n<div class=\"screen-reader-response\"><p role=\"status\" aria-live=\"polite\" aria-atomic=\"true\"><\/p> <ul><\/ul><\/div>\n<form action=\"\/index.php\/wp-json\/wp\/v2\/pages\/312#wpcf7-f1612-o1\" method=\"post\" class=\"wpcf7-form init\" aria-label=\"Formulaire de contact\" novalidate=\"novalidate\" data-status=\"init\">\n<fieldset class=\"hidden-fields-container\"><input type=\"hidden\" name=\"_wpcf7\" value=\"1612\" \/><input type=\"hidden\" name=\"_wpcf7_version\" value=\"6.1.5\" \/><input type=\"hidden\" name=\"_wpcf7_locale\" value=\"fr_FR\" \/><input type=\"hidden\" name=\"_wpcf7_unit_tag\" value=\"wpcf7-f1612-o1\" \/><input type=\"hidden\" name=\"_wpcf7_container_post\" value=\"0\" \/><input type=\"hidden\" name=\"_wpcf7_posted_data_hash\" value=\"\" \/>\n<\/fieldset>\n<p><label> Votre nom (obligatoire)<br \/>\n<span class=\"wpcf7-form-control-wrap\" data-name=\"your-name\"><input size=\"40\" maxlength=\"400\" class=\"wpcf7-form-control wpcf7-text wpcf7-validates-as-required\" aria-required=\"true\" aria-invalid=\"false\" value=\"\" type=\"text\" name=\"your-name\" \/><\/span> <\/label>\n<\/p>\n<p><label> Votre adresse de messagerie (obligatoire)<br \/>\n<span class=\"wpcf7-form-control-wrap\" data-name=\"your-email\"><input size=\"40\" maxlength=\"400\" class=\"wpcf7-form-control wpcf7-email wpcf7-validates-as-required wpcf7-text wpcf7-validates-as-email\" aria-required=\"true\" aria-invalid=\"false\" value=\"\" type=\"email\" name=\"your-email\" \/><\/span> <\/label>\n<\/p>\n<p>Votre num\u00e9ro de t\u00e9l\u00e9phone (obligatoire)<br \/>\n<span class=\"wpcf7-form-control-wrap\" data-name=\"tel-546\"><input size=\"40\" maxlength=\"400\" class=\"wpcf7-form-control wpcf7-tel wpcf7-validates-as-required wpcf7-text wpcf7-validates-as-tel\" id=\"telephone\" aria-required=\"true\" aria-invalid=\"false\" value=\"\" type=\"tel\" name=\"tel-546\" \/><\/span>\n<\/p>\n<p><label> Votre message<br \/>\n<span class=\"wpcf7-form-control-wrap\" data-name=\"your-message\"><textarea cols=\"40\" rows=\"10\" maxlength=\"2000\" class=\"wpcf7-form-control wpcf7-textarea\" aria-invalid=\"false\" name=\"your-message\"><\/textarea><\/span> <\/label>\n<\/p>\n<div id=\"cf7sr-69f2893a9cf9e\" class=\"cf7sr-g-recaptcha\" data-theme=\"light\" data-type=\"image\" data-size=\"normal\" data-sitekey=\"6LdSzKkZAAAAAHjyvC5hUlrpsZyH_Zk-s8YsaxZ1\"><\/div><span class=\"wpcf7-form-control-wrap cf7sr-recaptcha\" data-name=\"cf7sr-recaptcha\"><input type=\"hidden\" name=\"cf7sr-recaptcha\" value=\"\" class=\"wpcf7-form-control\"><\/span>\n<\/p>\n<p><input class=\"wpcf7-form-control wpcf7-submit has-spinner\" type=\"submit\" value=\"Envoyer\" \/>\n<\/p><p style=\"display: none !important;\" class=\"akismet-fields-container\" data-prefix=\"_wpcf7_ak_\"><label>&#916;<textarea name=\"_wpcf7_ak_hp_textarea\" cols=\"45\" rows=\"8\" maxlength=\"100\"><\/textarea><\/label><input type=\"hidden\" id=\"ak_js_1\" name=\"_wpcf7_ak_js\" value=\"25\"\/><script type=\"text\/javascript\">\n\/* <![CDATA[ *\/\ndocument.getElementById( \"ak_js_1\" ).setAttribute( \"value\", ( new Date() ).getTime() );\n\/* ]]> *\/\n<\/script>\n<\/p><div class=\"wpcf7-response-output\" aria-hidden=\"true\"><\/div>\n<\/form>\n<\/div>\n[\/vc_column_text][\/vc_column][\/vc_row]<\/p>\n<\/section>","protected":false},"excerpt":{"rendered":"<p>[vc_row el_class=\u00a0\u00bbmargin-top-70&Prime;][vc_column type=\u00a0\u00bbre-smart-column\u00a0\u00bb width=\u00a0\u00bb1\/3&Prime;][vc_empty_space height=\u00a0\u00bb15px\u00a0\u00bb][vc_single_image image=\u00a0\u00bb1523&Prime; img_size=\u00a0\u00bb500&#215;142&Prime;][\/vc_column][vc_column width=\u00a0\u00bb2\/3&Prime;][vc_column_text][\/vc_column_text][vc_empty_space height=\u00a0\u00bb20px\u00a0\u00bb][vc_column_text][\/vc_column_text][\/vc_column][\/vc_row]<\/p>\n","protected":false},"author":1,"featured_media":0,"parent":0,"menu_order":0,"comment_status":"open","ping_status":"open","template":"","meta":{"footnotes":""},"class_list":["post-312","page","type-page","status-publish","hentry"],"_links":{"self":[{"href":"https:\/\/therma-sud.fr\/index.php\/wp-json\/wp\/v2\/pages\/312","targetHints":{"allow":["GET"]}}],"collection":[{"href":"https:\/\/therma-sud.fr\/index.php\/wp-json\/wp\/v2\/pages"}],"about":[{"href":"https:\/\/therma-sud.fr\/index.php\/wp-json\/wp\/v2\/types\/page"}],"author":[{"embeddable":true,"href":"https:\/\/therma-sud.fr\/index.php\/wp-json\/wp\/v2\/users\/1"}],"replies":[{"embeddable":true,"href":"https:\/\/therma-sud.fr\/index.php\/wp-json\/wp\/v2\/comments?post=312"}],"version-history":[{"count":14,"href":"https:\/\/therma-sud.fr\/index.php\/wp-json\/wp\/v2\/pages\/312\/revisions"}],"predecessor-version":[{"id":1637,"href":"https:\/\/therma-sud.fr\/index.php\/wp-json\/wp\/v2\/pages\/312\/revisions\/1637"}],"wp:attachment":[{"href":"https:\/\/therma-sud.fr\/index.php\/wp-json\/wp\/v2\/media?parent=312"}],"curies":[{"name":"wp","href":"https:\/\/api.w.org\/{rel}","templated":true}]}}